 greatest common factor of 372788 and 388089.
1391
What is the greatest common factor of 133425 and 21620187?
5337
What is the greatest common divisor of 14989 and 211585877?
1153
What is the highest common divisor of 84436 and 29241722?
3838
What is the greatest common divisor of 5552858 and 7292?
3646
What is the highest common divisor of 31416924 and 484?
484
Calculate the greatest common factor of 168 and 113850312.
24
What is the highest common factor of 15125 and 896500?
1375
What is the greatest common divisor of 64074 and 2742792?
354
What is the highest common divisor of 1955 and 14239438?
391
What is the highest common factor of 407288222 and 149?
149
What is the greatest common factor of 3340 and 77122270?
1670
What is the highest common factor of 3315 and 1665235?
1105
Calculate the greatest common factor of 6121388 and 6700.
268
What is the greatest common factor of 17546718 and 64605?
12921
Calculate the greatest common factor of 1178241 and 957.
87
Calculate the greatest common divisor of 348741800 and 2200.
2200
Calculate the greatest common factor of 14775712 and 672.
224
Calculate the highest common divisor of 904 and 3710807.
113
Calculate the greatest common divisor of 2783682 and 306.
306
Calculate the highest common factor of 116602 and 1409334.
674
Calculate the highest common divisor of 1440 and 1577610.
90
Calculate the greatest common factor of 25850 and 588500.
550
What is the greatest common factor of 281926 and 379673?
73
What is the greatest common divisor of 2274 and 60976173?
1137
What is the greatest common factor of 2940 and 59834782?
98
Calculate the highest common factor of 450981632 and 902.
82
What is the greatest common divisor of 8290 and 230?
10
Calculate the highest common divisor of 50880 and 4346.
106
Calculate the highest common divisor of 3619 and 62369.
47
Calculate the greatest common divisor of 62208 and 43696.
16
Calculate the highest common divisor of 8352 and 2842290.
522
What is the highest common divisor of 882 and 20619252?
18
What is the greatest common divisor of 684 and 2476932?
12
What is the highest common divisor of 358360700 and 2300?
2300
What is the greatest common factor of 5 and 108723635?
5
What is the highest common factor of 2059 and 1589335?
71
What is the greatest common divisor of 324 and 9486153?
81
What is the greatest common divisor of 1406709 and 3576?
447
What is the greatest common factor of 357429 and 8075622?
1263
Calculate the highest common divisor of 64194 and 5545374.
4938
What is the greatest common divisor of 592553 and 6019?
13
Calculate the greatest common divisor of 2295 and 224667.
27
What is the highest common factor of 296 and 66770718?
74
What is the greatest common factor of 831395 and 163691?
647
What is the highest common divisor of 172909581 and 7566?
3783
Calculate the highest common divisor of 23117890 and 43830.
4870
What is the highest common divisor of 4950 and 1397275?
275
What is the highest common factor of 675 and 1427925?
75
Calculate the greatest common divisor of 402270 and 102534.
138
What is the highest common divisor of 37143168 and 216?
24
What is the greatest common factor of 8 and 3190612?
4
What is the greatest common factor of 445 and 676362620?
445
What is the highest common divisor of 6858007 and 26?
13
Calculate the highest common divisor of 12608888 and 24.
8
Calculate the highest common factor of 161 and 2493030099.
161
What is the highest common divisor of 1556583 and 1568?
49
What is the greatest common divisor of 84643938 and 111?
111
What is the greatest common divisor of 2646 and 18462122?
98
What is the greatest common divisor of 72 and 893704?
8
Calculate the greatest common divisor of 15712 and 89365928.
3928
What is the highest common factor of 200 and 3727160?
40
What is the greatest common divisor of 375240 and 48570?
30
Calculate the highest common divisor of 127 and 1741424.
127
What is the greatest common divisor of 29692321 and 190601?
8287
What is the greatest common divisor of 44843204 and 28?
28
Calculate the greatest common divisor of 665 and 8305805.
5
What is the highest common factor of 58141 and 59466?
53
What is the highest common divisor of 37 and 438733?
1
What is the greatest common factor of 172948 and 112?
4
Calculate the highest common factor of 180275310 and 9570.
870
What is the highest common factor of 2443 and 7073532?
349
Calculate the greatest common factor of 11931981 and 57.
57
Calculate the greatest common divisor of 180 and 23237730.
90
Calculate the highest common factor of 139153 and 24897.
193
Calculate the greatest common factor of 4465 and 38125742.
893
What is the greatest common factor of 111 and 121192649?
37
What is the greatest common factor of 2988 and 32164326?
1494
Calculate the greatest common divisor of 126624 and 14597373.
3957
What is the greatest common divisor of 282821 and 105?
7
What is the greatest common factor of 1218562 and 20698?
262
Calculate the greatest common divisor of 199196560 and 1472.
368
What is the greatest common divisor of 15210031 and 4112?
257
What is the greatest common divisor of 23280 and 96210?
30
Calculate the greatest common divisor of 5231157 and 589.
31
Calculate the highest common factor of 359148 and 219018.
1038
What is the highest common divisor of 3217065 and 7995?
615
Calculate the greatest common factor of 5173081 and 148.
37
What is the greatest common divisor of 4563 and 53331330?
507
What is the greatest common factor of 11478 and 10650?
6
What is the greatest common divisor of 7634047 and 116?
29
What is the highest common divisor of 1269087 and 3379?
109
What is the highest common divisor of 10422 and 226466586?
3474
Calculate the greatest common factor of 864 and 403896672.
864
Calculate the highest common divisor of 1056 and 1266045.
33
Calculate the greatest common divisor of 8856 and 2049792048.
8856
What is the highest common divisor of 41656426 and 476?
238
What is the greatest common factor of 417 and 7538109?
417
What is the highest common divisor of 2203547 and 11692?
79
What is the greatest common divisor of 1308260134 and 188?
94
What is the greatest common divisor of 2437 and 143629469?
2437
What is the highest common divisor of 7831 and 1927?
41
What is the greatest common factor of 7743086 and 182?
26
Calculate the highest common factor of 7149804 and 42.
6
What is the greatest common divisor of 827061598 and 66?
22
Calculate the greatest common factor of 3947616 and 7416.
72
What is the highest common divisor of 4975289 and 4607?
271
What is the greatest common factor of 14125 and 8212000?
125
What is the highest common divisor of 152845 and 1015?
35
What is the highest common divisor of 3993873 and 168?
3
What is the highest common divisor of 159221544 and 144?
24
Calculate the highest common factor of 174 and 1974262.
58
What is the highest common divisor of 35146908 and 27?
9
What is the greatest common factor of 123 and 570077161?
41
Calculate the greatest common factor of 2500185 and 570.
15
What is the highest common divisor of 5 and 216767?
1
Calculate the greatest common divisor of 3964334 and 24956.
734
What is the highest common factor of 1065699 and 45?
9
Calculate the greatest common factor of 4830021 and 105.
21
Calculate the greatest common divisor of 78889030 and 517.
517
Calculate the highest common divisor of 21867 and 82186824.
591
What is the highest common divisor of 38332804 and 304?
76
What is the greatest common factor of 649 and 636889?
11
What is the highest common factor of 501933357 and 9?
9
What is the highest common factor of 267 and 92555016?
267
What is the highest common divisor of 2070336 and 8832?
192
Calculate the highest common divisor of 1560 and 15647580.
780
What is the greatest common divisor of 1724528 and 1339?
13
What is the highest common divisor of 3224 and 4844008?
104
Calculate the highest common factor of 6015365 and 391.
17
What is the highest common divisor of 5760 and 41918240?
160
Calculate the highest common factor of 23366739 and 11.
11
Calculate the greatest common factor of 22656 and 4096.
128
Calculate the highest common divisor of 14402 and 45923.
19
Calculate the highest common factor of 172864914 and 15594.
678
What is the greatest common divisor